 is the remainder when a is divided by 17?
14
Let s(y) = 32*y**2 + y. Suppose -6*h + 94 + 38 = -0*h. Calculate the remainder when s(2) is divided by h.
20
Let i(v) = v**3 + 5*v**2 - 10*v - 21. Let k be 5*(2 + (288/15)/(-6)). Let x be i(k). Calculate the remainder when 40 is divided by (x/6 - -1)*(-42)/(-9).
5
Suppose -68 = 3*k - 518. Let f be (15/(-20))/(12/(-64)). Suppose 0 = f*r - 9*r + k. Calculate the remainder when 54 is divided by r.
24
Let g(w) = w**2 - 22*w + 28. Let m be g(20). Let b be 13179/(-18) - 2/m. What is the remainder when 41 is divided by (-12)/66 - b/33?
19
Suppose 9*c = 19*c - 450. Suppose -9*k - c = -14*k. What is the remainder when k is divided by 9?
0
Suppose -2*v - 3*l = -2*l - 4048, 5*v + 2*l - 10120 = 0. Calculate the remainder when v is divided by 45.
44
What is the remainder when (-3)/66*11*-844 is divided by 253?
169
Let f = -2049 + 2182. Let l(u) = -4*u**2 - u + 3. Let r be l(-2). Let m = r - -19. Calculate the remainder when f is divided by m.
5
Suppose -3*n - 30 + 36 = 0. Let h be n/(-11) + 180/(-99). Let f(g) = 4*g**2 + 2*g. What is the remainder when 34 is divided by f(h)?
10
Let z = 1498 - 1489. What is the remainder when 17 is divided by z?
8
Suppose 12*f - 2*i = 14*f - 84, i - 120 = -3*f. What is the remainder when 50 is divided by f?
11
Suppose -2433 = -14*y + 1767. Calculate the remainder when y is divided by 104.
92
Let y(l) = -1. Let w(t) = -t**3 - t**2 - 2*t - 245. Let c(h) = -w(h) - 4*y(h). Calculate the remainder when c(0) is divided by 28.
25
Suppose -23*d + 172 = -81. Calculate the remainder when 578 is divided by d.
6
Let n = -3665 - -3695. What is the remainder when 1199 is divided by n?
29
Suppose 40 = w + 2*c, 10*w - 112 = 8*w + 4*c. Let t(u) = u**2 + 4*u - 2. Calculate the remainder when -7 + (-520)/(w/(-6)) is divided by t(-6).
8
Let f(i) = i**3 - 5*i**2 + i - 11. Let x be f(5). Let a = 87 - 48. Let t = x + a. Calculate the remainder when t is divided by 7.
5
Suppose 4*v = 3*z + 457, 3*v + 3*z + 0*z - 327 = 0. Suppose -3*h - v = -7*h + 4*f, h + f - 28 = 0. What is the remainder when h is divided by 18?
10
Suppose -5*n + 4301 = 18*n. Let l = -172 + n. Calculate the remainder when l is divided by 6.
3
Let i(c) = c**2 + 10*c - 11. What is the remainder when i(-66) is divided by 31?
27
Suppose -h + b = -0*b - 9, 0 = 3*h - 2*b - 24. Suppose -16*v = -h*v - 240. What is the remainder when 71 is divided by v?
23
Let d(n) = -n**2 + n + 8. Suppose 0 = 3*t - 4*z + 1, 4*t + 0*z - 12 = 2*z. What is the remainder when 2*7 + (t - (-24)/(-3)) is divided by d(0)?
3
Suppose -320 = 2*z + 4*w, z + 326 = -z - 2*w. Let f = 182 + z. Calculate the remainder when 83 is divided by f.
3
Suppose 537 = 19*b + 347. Let f = -29 + 44. Calculate the remainder when f is divided by b.
5
Let w = -220 + 223. Suppose 4563 = -w*u + 16*u. Calculate the remainder when u is divided by 16.
15
Suppose 9*o - 719 = 8*o - k, -3*o + 4*k = -2192. Calculate the remainder when o is divided by 176.
20
Let a be ((-18)/(-66))/(3/33). Suppose 615 = 4*v - 2*h + 207, 0 = -3*v + a*h + 312. What is the remainder when v is divided by 34?
32
Suppose -3*n = 11*g - 9*g - 272, 4*g + 5*n = 542. What is the remainder when g is divided by 6/(-12) - 69/(-2)?
31
Suppose 49*o - 36*o - 195 = 0. Calculate the remainder when 6342 is divided by o.
12
Suppose 14 = 2*d - w + 2*w, -w - 18 = -2*d. Let p = 773 - 728. What is the remainder when p is divided by d/(-12)*-33 - -1?
22
Suppose -6765*m = -6791*m + 286. Calculate the remainder when 6972 is divided by m.
9
Let u(v) = -v**3 + 2*v**2 + 17*v - 8. Let t be u(5). Let b be (t/(-4))/(2/4836*-3). Let w = -285 + b. What is the remainder when w is divided by 30?
28
Suppose 29*b - 21086 - 10413 = -817. What is the remainder when 3178 is divided by b?
4
Suppose 5*b = c - 2 - 39, -3*b = -c + 37. Let y be 43/(2 - (5 - 42/12)). Suppose 0 = 3*f - y - c. What is the remainder when f is divided by 24?
15
Suppose 2*g + 2*a - 218 = 0, 2*g = a + 157 + 52. Suppose -3*n + 96 = -2*c, n + 2*c - 33 = -1. Calculate the remainder when g is divided by n.
10
Suppose 21*n - 20*n - 294 = p, 4*n = 5*p + 1178. Calculate the remainder when n is divided by 60.
52
Let x(z) = -z**2 - 41*z + 64. Let c be x(-39). Suppose -13*k + c = -1. What is the remainder when 140 is divided by k?
8
Let c = 3390 + -3377. Calculate the remainder when 82 is divided by c.
4
Suppose 123*f = 135*f - 1356. What is the remainder when 281 is divided by f?
55
Suppose -102*g = -12465 + 2571. What is the remainder when 369 is divided by g?
78
Let w(x) = x**3 + 63*x**2 - 128*x + 194. Calculate the remainder when 735 is divided by w(-65).
31
Let i be 2/(-5) - 7885/(-25). Suppose 49 - 682 = -2*o - 5*f, f = -o + i. Calculate the remainder when o is divided by 7.
6
Let j = 82 - -2. Suppose 3*n = -3*f + j, 82 = 3*f + 3*n + n. Suppose -f*v + 32*v = 58. What is the remainder when v is divided by 6?
5
Let d(u) = 11*u + 23. Let j be d(-5). Let s = j - -25. What is the remainder when 3 is divided by (-66)/(-42) - (-4)/s?
0
Let w(m) = 9*m**2 - 98*m + 277. What is the remainder when 55 is divided by w(6)?
3
Let m = 28252 - 27569. What is the remainder when 2745 is divided by m?
13
Let g(b) = -b**3 - 5*b**2 + 7*b + 8. Let w be g(-6). Let m(v) = -v**w + 9*v + 1 + 2 + 4*v. Calculate the remainder when 177 is divided by m(7).
42
Let h = 15243 - 13427. Calculate the remainder when h is divided by 182.
178
Let w = 17490 - 16450. Calculate the remainder when w is divided by 95.
90
Let l(j) = 6*j**3 + 89*j**2 + 56*j - 5. What is the remainder when l(-14) is divided by 113?
78
Let u(c) = -c**3 + 6*c**2 + 5*c + 5. Let r = 3 - 3. Suppose 5*d - 3*d - 12 = r. Calculate the remainder when 104 is divided by u(d).
34
Suppose 4*q - 4 = -4*j + 3*j, -j = -4*q - 12. Suppose j*s = -60 + 436. Calculate the remainder when s is divided by 28.
19
Let t(y) = -y**3 + 21*y**2 - 21*y + 50. Let n be t(20). Calculate the remainder when 575 is divided by (14 - n)/(2/(-8)).
63
Let j(m) = -m**2 + m - 6. Let k be j(-5). Let u = -36 - k. Suppose -2*o - 3*o + 315 = u. What is the remainder when o is divided by 22?
19
Suppose 4*i - w - 4*w - 199 = 0, 5 = 5*w. Suppose 0 = 16*t + 11*t - 135. Calculate the remainder when i is divided by t.
1
Suppose 16*m - 411 = 181. Calculate the remainder when 888 is divided by m.
0
Suppose 0 = 2*w + 2*m - 184, 42*m - 278 = -3*w + 40*m. Calculate the remainder when w is divided by 84.
10
Let f = 79 - 78. Let o(w) = 11*w**2 + w. Calculate the remainder when 23 is divided by o(f).
11
Let z(f) = f**3 + 3*f**2 - 339*f - 11. Calculate the remainder when 466 is divided by z(17).
4
Suppose 106 + 24 = 2*g + 4*p, g = 4*p + 35. Calculate the remainder when 162 is divided by g.
52
Let i(j) be the first derivative of 4*j**3/3 - 3*j**2 - 15*j + 10. Calculate the remainder when i(-5) is divided by 59.
56
What is the remainder when 353 is divided by (-177)/(-2) + 70/(-140)?
1
Calculate the remainder when -14*80/140 - 7*-320 is divided by 28.
20
Let y = -139 + 137. Let c(p) = -p**2 + 15*p + 10. Calculate the remainder when c(13) is divided by (39 - 2/y)/(-5 + 7).
16
Let k(x) = -2*x**3 - 30*x**2 - 74*x - 22. What is the remainder when k(-14) is divided by 26?
24
Let l be ((-1660)/15)/(3/(-9)). Let u = l - 194. Suppose -16*s = -10*s - u. Calculate the remainder when s is divided by 5.
3
Let f(m) = -477*m - 1257. Calculate the remainder when f(-4) is divided by 643.
8
Suppose -r - 631 = -2*a, 5*a - r = -12*r + 1672. Calculate the remainder when a is divided by 101.
16
Suppose -12*k - 760 = 392. Let p = k + 197. Calculate the remainder when 203 is divided by p.
1
Suppose 5*x = k - 106, -2*k - 2*x + 94 + 130 = 0. Calculate the remainder when 588 is divided by k.
33
Suppose 4*m + 12 = 5*f - 64, -4*m = 4*f + 76. Let x = 3 - m. Suppose 0 = -6*w + 484 - 118. Calculate the remainder when w is divided by x.
17
Let p(s) = 7*s**2. Suppose 3*r - 35 = -2*a, 10*r = 3*a + 8*r - 46. Calculate the remainder when a is divided by p(-1).
2
Let r(c) = c**2 - 12*c + 14. Suppose 2 + 9 = n. Let t be r(n). Suppose -t*k + 13 = -26. Calculate the remainder when 62 is divided by k.
10
What is the remainder when 438 is divided by (-12)/(-27)*513/38?
0
Let b be -3 - (-5)/(-20)*-2*6. Suppose 7*v - 162 + 71 = b. What is the remainder wh